{"id":13358,"date":"2019-09-01T17:17:01","date_gmt":"2019-09-01T20:17:01","guid":{"rendered":"http:\/\/hemonucleo.com.br\/?page_id=13358"},"modified":"2020-06-10T16:48:03","modified_gmt":"2020-06-10T19:48:03","slug":"missao-visao-valores","status":"publish","type":"page","link":"http:\/\/hemonucleo.com.br\/index.php\/missao-visao-valores\/","title":{"rendered":"Miss\u00e3o, Vis\u00e3o, Valores"},"content":{"rendered":"<p><div class=\"fusion-fullwidth fullwidth-box vinho nonhundred-percent-fullwidth non-hundred-percent-height-scrolling fusion-equal-height-columns fusion-no-small-visibility\"  style='background-color: #8d062e;background-position: center center;background-repeat: no-repeat;padding-top:50px;padding-right:100px;padding-bottom:50px;padding-left:100px;'><div class=\"fusion-builder-row fusion-row \"><div  class=\"fusion-layout-column fusion_builder_column fusion_builder_column_1_2 fusion-builder-column-1 fusion-one-half fusion-column-first 1_2\"  style='margin-top:0px;margin-bottom:20px;width:50%;width:calc(50% - ( ( 4% ) * 0.5 ) );margin-right: 4%;'>\n\t\t\t\t\t<div class=\"fusion-column-wrapper\" style=\"overflow:hidden;border-radius:10px 10px 10px 10px;padding: 50px 0px 0px 0px;background-position:left top;background-repeat:no-repeat;-webkit-background-size:cover;-moz-background-size:cover;-o-background-size:cover;background-size:cover;border-radius:10px 10px 10px 10px;\"   data-bg-url=\"\">\n\t\t\t\t\t\t<span style=\"-webkit-border-radius:5px;-moz-border-radius:5px;border-radius:5px;\" class=\"fusion-imageframe imageframe-none imageframe-1 hover-type-none\"><img loading=\"lazy\" src=\"http:\/\/hemonucleo.com.br\/wp-content\/uploads\/2019\/09\/missao-visao-valores.png\" width=\"489\" height=\"816\" alt=\"\" title=\"missao-visao-valores\" class=\"img-responsive wp-image-13381\" srcset=\"http:\/\/hemonucleo.com.br\/wp-content\/uploads\/2019\/09\/missao-visao-valores-200x334.png 200w, http:\/\/hemonucleo.com.br\/wp-content\/uploads\/2019\/09\/missao-visao-valores-400x667.png 400w, http:\/\/hemonucleo.com.br\/wp-content\/uploads\/2019\/09\/missao-visao-valores.png 489w\" sizes=\"(max-width: 1100px) 100vw, 489px\" \/><\/span><div class=\"fusion-clearfix\"><\/div>\n\n\t\t\t\t\t<\/div>\n\t\t\t\t<\/div><div  class=\"fusion-layout-column fusion_builder_column fusion_builder_column_1_2 fusion-builder-column-2 fusion-one-half fusion-column-last 1_2\"  style='margin-top:0px;margin-bottom:20px;width:50%;width:calc(50% - ( ( 4% ) * 0.5 ) );'>\n\t\t\t\t\t<div class=\"fusion-column-wrapper\" style=\"overflow:hidden;border-radius:10px 10px 10px 10px;padding: 15px 5px 5px 5px;background-position:left top;background-repeat:no-repeat;-webkit-background-size:cover;-moz-background-size:cover;-o-background-size:cover;background-size:cover;border-radius:10px 10px 10px 10px;\"   data-bg-url=\"\">\n\t\t\t\t\t\t<div class=\"fusion-text bolinhas\"><h2 style=\"text-align: center;\"><strong>Miss\u00e3o<\/strong><\/h2>\n<p style=\"text-align: center;\">Oferecer servi\u00e7os de coleta e transfus\u00e3o de sangue com qualidade, atrav\u00e9s de pr\u00e1ticas hemoter\u00e1picas eficientes e seguras, embasadas em conhecimentos t\u00e9cnico-cient\u00edficos atuais e no atendimento humanizado.<\/p>\n<p style=\"text-align: center;\"><img loading=\"lazy\" class=\"alignnone size-full wp-image-13309\" src=\"http:\/\/hemonucleo.com.br\/wp-content\/uploads\/2019\/09\/border-bot.png\" alt=\"\" width=\"200\" height=\"2\" srcset=\"http:\/\/hemonucleo.com.br\/wp-content\/uploads\/2019\/09\/border-bot-66x2.png 66w, http:\/\/hemonucleo.com.br\/wp-content\/uploads\/2019\/09\/border-bot-150x2.png 150w, http:\/\/hemonucleo.com.br\/wp-content\/uploads\/2019\/09\/border-bot-177x2.png 177w, http:\/\/hemonucleo.com.br\/wp-content\/uploads\/2019\/09\/border-bot.png 200w\" sizes=\"(max-width: 200px) 100vw, 200px\" \/><\/p>\n<h2 style=\"text-align: center;\"><strong>Vis\u00e3o<\/strong><\/h2>\n<p style=\"text-align: center;\">Ser modelo e refer\u00eancia na assist\u00eancia hemoter\u00e1pica, reconhecidos pelo pioneirismo, seguran\u00e7a e qualidade dos produtos e servi\u00e7os prestados.<\/p>\n<p style=\"text-align: center;\"><img loading=\"lazy\" class=\"alignnone size-full wp-image-13309\" src=\"http:\/\/hemonucleo.com.br\/wp-content\/uploads\/2019\/09\/border-bot.png\" alt=\"\" width=\"200\" height=\"2\" srcset=\"http:\/\/hemonucleo.com.br\/wp-content\/uploads\/2019\/09\/border-bot-66x2.png 66w, http:\/\/hemonucleo.com.br\/wp-content\/uploads\/2019\/09\/border-bot-150x2.png 150w, http:\/\/hemonucleo.com.br\/wp-content\/uploads\/2019\/09\/border-bot-177x2.png 177w, http:\/\/hemonucleo.com.br\/wp-content\/uploads\/2019\/09\/border-bot.png 200w\" sizes=\"(max-width: 200px) 100vw, 200px\" \/><\/p>\n<h2 style=\"text-align: center;\"><strong>Valores<\/strong><\/h2>\n<p style=\"text-align: center;\">Satisfa\u00e7\u00e3o do cliente <img loading=\"lazy\" class=\"alignnone size-full wp-image-13383\" src=\"http:\/\/hemonucleo.com.br\/wp-content\/uploads\/2019\/09\/bolinha.png\" alt=\"\" width=\"6\" height=\"6\" \/> Capacita\u00e7\u00e3o profissional<br \/>\n\u00c9tica <img loading=\"lazy\" class=\"alignnone size-full wp-image-13383\" src=\"http:\/\/hemonucleo.com.br\/wp-content\/uploads\/2019\/09\/bolinha.png\" alt=\"\" width=\"6\" height=\"6\" \/> Credibilidade <img loading=\"lazy\" class=\"alignnone size-full wp-image-13383\" src=\"http:\/\/hemonucleo.com.br\/wp-content\/uploads\/2019\/09\/bolinha.png\" alt=\"\" width=\"6\" height=\"6\" \/> Profissionalismo<br \/>\nEduca\u00e7\u00e3o continuada <img loading=\"lazy\" class=\"alignnone size-full wp-image-13383\" src=\"http:\/\/hemonucleo.com.br\/wp-content\/uploads\/2019\/09\/bolinha.png\" alt=\"\" width=\"6\" height=\"6\" \/> Trabalho em equipe<br \/>\nComprometimento<\/p>\n<\/div><div class=\"fusion-clearfix\"><\/div>\n\n\t\t\t\t\t<\/div>\n\t\t\t\t<\/div><\/div><\/div><div class=\"fusion-fullwidth fullwidth-box vinho nonhundred-percent-fullwidth non-hundred-percent-height-scrolling fusion-equal-height-columns fusion-no-medium-visibility fusion-no-large-visibility\"  style='background-color: #8d062e;background-position: center center;background-repeat: no-repeat;padding-top:50px;padding-right:20px;padding-bottom:50px;padding-left:20px;'><div class=\"fusion-builder-row fusion-row \"><div  class=\"fusion-layout-column fusion_builder_column fusion_builder_column_1_1 fusion-builder-column-3 fusion-one-full fusion-column-first fusion-column-last 1_1\"  style='margin-top:0px;margin-bottom:20px;'>\n\t\t\t\t\t<div class=\"fusion-column-wrapper\" style=\"overflow:hidden;border-radius:10px 10px 10px 10px;padding: 15px 5px 5px 5px;background-position:left top;background-repeat:no-repeat;-webkit-background-size:cover;-moz-background-size:cover;-o-background-size:cover;background-size:cover;border-radius:10px 10px 10px 10px;\"   data-bg-url=\"\">\n\t\t\t\t\t\t<div class=\"fusion-text\"><h2 style=\"text-align: center;\"><strong>Miss\u00e3o<\/strong><\/h2>\n<p style=\"text-align: center;\">Oferecer servi\u00e7os de coleta e transfus\u00e3o de sangue com qualidade, atrav\u00e9s de pr\u00e1ticas hemoter\u00e1picas eficientes e seguras, embasadas em conhecimentos t\u00e9cnico-cient\u00edficos atuais e no atendimento humanizado.<\/p>\n<p style=\"text-align: center;\"><img loading=\"lazy\" class=\"alignnone size-full wp-image-13309\" src=\"http:\/\/hemonucleo.com.br\/wp-content\/uploads\/2019\/09\/border-bot.png\" alt=\"\" width=\"200\" height=\"2\" srcset=\"http:\/\/hemonucleo.com.br\/wp-content\/uploads\/2019\/09\/border-bot-66x2.png 66w, http:\/\/hemonucleo.com.br\/wp-content\/uploads\/2019\/09\/border-bot-150x2.png 150w, http:\/\/hemonucleo.com.br\/wp-content\/uploads\/2019\/09\/border-bot-177x2.png 177w, http:\/\/hemonucleo.com.br\/wp-content\/uploads\/2019\/09\/border-bot.png 200w\" sizes=\"(max-width: 200px) 100vw, 200px\" \/><\/p>\n<h2 style=\"text-align: center;\">Vis\u00e3o<\/h2>\n<p style=\"text-align: center;\">Ser modelo e refer\u00eancia na assist\u00eancia hemoter\u00e1pica, reconhecidos pelo pioneirismo, seguran\u00e7a e qualidade dos produtos e servi\u00e7os prestados.<\/p>\n<p style=\"text-align: center;\"><img loading=\"lazy\" class=\"alignnone size-full wp-image-13309\" src=\"http:\/\/hemonucleo.com.br\/wp-content\/uploads\/2019\/09\/border-bot.png\" alt=\"\" width=\"200\" height=\"2\" srcset=\"http:\/\/hemonucleo.com.br\/wp-content\/uploads\/2019\/09\/border-bot-66x2.png 66w, http:\/\/hemonucleo.com.br\/wp-content\/uploads\/2019\/09\/border-bot-150x2.png 150w, http:\/\/hemonucleo.com.br\/wp-content\/uploads\/2019\/09\/border-bot-177x2.png 177w, http:\/\/hemonucleo.com.br\/wp-content\/uploads\/2019\/09\/border-bot.png 200w\" sizes=\"(max-width: 200px) 100vw, 200px\" \/><\/p>\n<h2 style=\"text-align: center;\">Valores<\/h2>\n<p style=\"text-align: center;\">Satisfa\u00e7\u00e3o do cliente <img loading=\"lazy\" class=\"alignnone size-full wp-image-13383\" src=\"http:\/\/hemonucleo.com.br\/wp-content\/uploads\/2019\/09\/bolinha.png\" alt=\"\" width=\"6\" height=\"6\" \/> Capacita\u00e7\u00e3o profissional<br \/>\n\u00c9tica <img loading=\"lazy\" class=\"alignnone size-full wp-image-13383\" src=\"http:\/\/hemonucleo.com.br\/wp-content\/uploads\/2019\/09\/bolinha.png\" alt=\"\" width=\"6\" height=\"6\" \/> Credibilidade <img loading=\"lazy\" class=\"alignnone size-full wp-image-13383\" src=\"http:\/\/hemonucleo.com.br\/wp-content\/uploads\/2019\/09\/bolinha.png\" alt=\"\" width=\"6\" height=\"6\" \/> Profissionalismo<br \/>\nEduca\u00e7\u00e3o continuada <img loading=\"lazy\" class=\"alignnone size-full wp-image-13383\" src=\"http:\/\/hemonucleo.com.br\/wp-content\/uploads\/2019\/09\/bolinha.png\" alt=\"\" width=\"6\" height=\"6\" \/> Trabalho em equipe<br \/>\nComprometimento<\/p>\n<\/div><div class=\"fusion-clearfix\"><\/div>\n\n\t\t\t\t\t<\/div>\n\t\t\t\t<\/div><\/div><\/div><div class=\"fusion-fullwidth fullwidth-box missao-politica nonhundred-percent-fullwidth non-hundred-percent-height-scrolling fusion-no-small-visibility\"  style='background-color: #fff6f6;background-position: center center;background-repeat: no-repeat;padding-top:50px;padding-right:100px;padding-bottom:50px;padding-left:100px;'><div class=\"fusion-builder-row fusion-row \"><div  class=\"fusion-layout-column fusion_builder_column fusion_builder_column_2_5 fusion-builder-column-4 fusion-two-fifth fusion-column-first 2_5\"  style='margin-top:0px;margin-bottom:20px;width:40%;width:calc(40% - ( ( 4% + 4% ) * 0.4 ) );margin-right: 4%;'>\n\t\t\t\t\t<div class=\"fusion-column-wrapper\" style=\"padding: 0px 0px 0px 0px;background-position:left top;background-repeat:no-repeat;-webkit-background-size:cover;-moz-background-size:cover;-o-background-size:cover;background-size:cover;\"   data-bg-url=\"\">\n\t\t\t\t\t\t<div class=\"fusion-text\"><h2>Objetivos<\/h2>\n<p><img loading=\"lazy\" class=\"alignnone size-full wp-image-13383\" src=\"http:\/\/hemonucleo.com.br\/wp-content\/uploads\/2019\/09\/bolinha.png\" alt=\"\" width=\"6\" height=\"6\" \/> Aumentar a seguran\u00e7a transfusional<br \/>\n<img loading=\"lazy\" class=\"alignnone size-full wp-image-13383\" src=\"http:\/\/hemonucleo.com.br\/wp-content\/uploads\/2019\/09\/bolinha.png\" alt=\"\" width=\"6\" height=\"6\" \/> Aumentar a qualidade dos hemocomponentes<br \/>\n<img loading=\"lazy\" class=\"alignnone size-full wp-image-13383\" src=\"http:\/\/hemonucleo.com.br\/wp-content\/uploads\/2019\/09\/bolinha.png\" alt=\"\" width=\"6\" height=\"6\" \/> Diminuir a perda de hemocomponentes<br \/>\n<img loading=\"lazy\" class=\"alignnone size-full wp-image-13383\" src=\"http:\/\/hemonucleo.com.br\/wp-content\/uploads\/2019\/09\/bolinha.png\" alt=\"\" width=\"6\" height=\"6\" \/> Diminuir o n\u00famero de solicita\u00e7\u00f5es de hemocomponentes n\u00e3o atendidas<br \/>\n<img loading=\"lazy\" class=\"alignnone size-full wp-image-13383\" src=\"http:\/\/hemonucleo.com.br\/wp-content\/uploads\/2019\/09\/bolinha.png\" alt=\"\" width=\"6\" height=\"6\" \/> Promover a dissemina\u00e7\u00e3o de conhecimento em Hemoterapia<br \/>\n<img loading=\"lazy\" class=\"alignnone size-full wp-image-13383\" src=\"http:\/\/hemonucleo.com.br\/wp-content\/uploads\/2019\/09\/bolinha.png\" alt=\"\" width=\"6\" height=\"6\" \/> Aumentar a satisfa\u00e7\u00e3o de nossos clientes<\/p>\n<\/div><div class=\"fusion-clearfix\"><\/div>\n\n\t\t\t\t\t<\/div>\n\t\t\t\t<\/div><div  class=\"fusion-layout-column fusion_builder_column fusion_builder_column_1_5 fusion-builder-column-5 fusion-one-fifth 1_5\"  style='margin-top:0px;margin-bottom:20px;width:20%;width:calc(20% - ( ( 4% + 4% ) * 0.2 ) );margin-right: 4%;'>\n\t\t\t\t\t<div class=\"fusion-column-wrapper\" style=\"padding: 0px 0px 0px 0px;background-position:left top;background-repeat:no-repeat;-webkit-background-size:cover;-moz-background-size:cover;-o-background-size:cover;background-size:cover;\"   data-bg-url=\"\">\n\t\t\t\t\t\t<span style=\"-webkit-border-radius:5px;-moz-border-radius:5px;border-radius:5px;\" class=\"fusion-imageframe imageframe-none imageframe-2 hover-type-none\"><img loading=\"lazy\" src=\"http:\/\/hemonucleo.com.br\/wp-content\/uploads\/2019\/09\/missao-visao-valores02.png\" width=\"224\" height=\"225\" alt=\"\" title=\"missao-visao-valores02\" class=\"img-responsive wp-image-13387\" srcset=\"http:\/\/hemonucleo.com.br\/wp-content\/uploads\/2019\/09\/missao-visao-valores02-200x201.png 200w, http:\/\/hemonucleo.com.br\/wp-content\/uploads\/2019\/09\/missao-visao-valores02.png 224w\" sizes=\"(max-width: 1100px) 100vw, 224px\" \/><\/span><div class=\"fusion-clearfix\"><\/div>\n\n\t\t\t\t\t<\/div>\n\t\t\t\t<\/div><div  class=\"fusion-layout-column fusion_builder_column fusion_builder_column_2_5 fusion-builder-column-6 fusion-two-fifth fusion-column-last 2_5\"  style='margin-top:0px;margin-bottom:20px;width:40%;width:calc(40% - ( ( 4% + 4% ) * 0.4 ) );'>\n\t\t\t\t\t<div class=\"fusion-column-wrapper\" style=\"padding: 0px 0px 0px 0px;background-position:left top;background-repeat:no-repeat;-webkit-background-size:cover;-moz-background-size:cover;-o-background-size:cover;background-size:cover;\"   data-bg-url=\"\">\n\t\t\t\t\t\t<div class=\"fusion-text\"><h2>Pol\u00edtica<\/h2>\n<p>Atender aos requisitos de clientes, a legisla\u00e7\u00e3o e normas vigentes, e a todas as partes interessadas atrav\u00e9s da melhoria continua dos processos de sele\u00e7\u00e3o, compatibilidade e transfus\u00e3o de sangue e hemocomponentes, investindo em novas tecnologias, desenvolvendo e qualificando constantemente nossos colaboradores. Comprometer-se, participar e contribuir efetivamente com a assist\u00eancia m\u00e9dica segura aos pacientes na institui\u00e7\u00e3o.<\/p>\n<\/div><div class=\"fusion-clearfix\"><\/div>\n\n\t\t\t\t\t<\/div>\n\t\t\t\t<\/div><\/div><\/div><div class=\"fusion-fullwidth fullwidth-box missao-politica nonhundred-percent-fullwidth non-hundred-percent-height-scrolling fusion-no-medium-visibility fusion-no-large-visibility\"  style='background-color: #fff6f6;background-position: center center;background-repeat: no-repeat;padding-top:50px;padding-right:20px;padding-bottom:50px;padding-left:20px;'><div class=\"fusion-builder-row fusion-row \"><div  class=\"fusion-layout-column fusion_builder_column fusion_builder_column_2_5 fusion-builder-column-7 fusion-two-fifth fusion-column-first 2_5\"  style='margin-top:0px;margin-bottom:20px;width:40%;width:calc(40% - ( ( 4% + 4% ) * 0.4 ) );margin-right: 4%;'>\n\t\t\t\t\t<div class=\"fusion-column-wrapper\" style=\"padding: 0px 0px 0px 0px;background-position:left top;background-repeat:no-repeat;-webkit-background-size:cover;-moz-background-size:cover;-o-background-size:cover;background-size:cover;\"   data-bg-url=\"\">\n\t\t\t\t\t\t<div class=\"fusion-text\"><h2>Objetivos<\/h2>\n<p><img loading=\"lazy\" class=\"alignnone size-full wp-image-13383\" src=\"http:\/\/hemonucleo.com.br\/wp-content\/uploads\/2019\/09\/bolinha.png\" alt=\"\" width=\"6\" height=\"6\" \/> Aumentar a seguran\u00e7a transfusional<br \/>\n<img loading=\"lazy\" class=\"alignnone size-full wp-image-13383\" src=\"http:\/\/hemonucleo.com.br\/wp-content\/uploads\/2019\/09\/bolinha.png\" alt=\"\" width=\"6\" height=\"6\" \/> Aumentar a qualidade dos hemocomponentes<br \/>\n<img loading=\"lazy\" class=\"alignnone size-full wp-image-13383\" src=\"http:\/\/hemonucleo.com.br\/wp-content\/uploads\/2019\/09\/bolinha.png\" alt=\"\" width=\"6\" height=\"6\" \/> Diminuir a perda de hemocomponentes<br \/>\n<img loading=\"lazy\" class=\"alignnone size-full wp-image-13383\" src=\"http:\/\/hemonucleo.com.br\/wp-content\/uploads\/2019\/09\/bolinha.png\" alt=\"\" width=\"6\" height=\"6\" \/> Diminuir o n\u00famero de solicita\u00e7\u00f5es de hemocomponentes n\u00e3o atendidas<br \/>\n<img loading=\"lazy\" class=\"alignnone size-full wp-image-13383\" src=\"http:\/\/hemonucleo.com.br\/wp-content\/uploads\/2019\/09\/bolinha.png\" alt=\"\" width=\"6\" height=\"6\" \/> Promover a dissemina\u00e7\u00e3o de conhecimento em Hemoterapia<br \/>\n<img loading=\"lazy\" class=\"alignnone size-full wp-image-13383\" src=\"http:\/\/hemonucleo.com.br\/wp-content\/uploads\/2019\/09\/bolinha.png\" alt=\"\" width=\"6\" height=\"6\" \/> Aumentar a satisfa\u00e7\u00e3o de nossos clientes<\/p>\n<\/div><div class=\"fusion-clearfix\"><\/div>\n\n\t\t\t\t\t<\/div>\n\t\t\t\t<\/div><div  class=\"fusion-layout-column fusion_builder_column fusion_builder_column_1_5 fusion-builder-column-8 fusion-one-fifth 1_5\"  style='margin-top:0px;margin-bottom:20px;width:20%;width:calc(20% - ( ( 4% + 4% ) * 0.2 ) );margin-right: 4%;'>\n\t\t\t\t\t<div class=\"fusion-column-wrapper\" style=\"padding: 0px 0px 0px 0px;background-position:left top;background-repeat:no-repeat;-webkit-background-size:cover;-moz-background-size:cover;-o-background-size:cover;background-size:cover;\"   data-bg-url=\"\">\n\t\t\t\t\t\t<span style=\"-webkit-border-radius:5px;-moz-border-radius:5px;border-radius:5px;\" class=\"fusion-imageframe imageframe-none imageframe-3 hover-type-none\"><img loading=\"lazy\" src=\"http:\/\/hemonucleo.com.br\/wp-content\/uploads\/2019\/09\/missao-visao-valores02.png\" width=\"224\" height=\"225\" alt=\"\" title=\"missao-visao-valores02\" class=\"img-responsive wp-image-13387\" srcset=\"http:\/\/hemonucleo.com.br\/wp-content\/uploads\/2019\/09\/missao-visao-valores02-200x201.png 200w, http:\/\/hemonucleo.com.br\/wp-content\/uploads\/2019\/09\/missao-visao-valores02.png 224w\" sizes=\"(max-width: 1100px) 100vw, 224px\" \/><\/span><div class=\"fusion-clearfix\"><\/div>\n\n\t\t\t\t\t<\/div>\n\t\t\t\t<\/div><div  class=\"fusion-layout-column fusion_builder_column fusion_builder_column_2_5 fusion-builder-column-9 fusion-two-fifth fusion-column-last 2_5\"  style='margin-top:0px;margin-bottom:20px;width:40%;width:calc(40% - ( ( 4% + 4% ) * 0.4 ) );'>\n\t\t\t\t\t<div class=\"fusion-column-wrapper\" style=\"padding: 0px 0px 0px 0px;background-position:left top;background-repeat:no-repeat;-webkit-background-size:cover;-moz-background-size:cover;-o-background-size:cover;background-size:cover;\"   data-bg-url=\"\">\n\t\t\t\t\t\t<div class=\"fusion-text\"><h2>Pol\u00edtica<\/h2>\n<p>Atender aos requisitos de clientes, a legisla\u00e7\u00e3o e normas vigentes, e a todas as partes interessadas atrav\u00e9s da melhoria continua dos processos de sele\u00e7\u00e3o, compatibilidade e transfus\u00e3o de sangue e hemocomponentes, investindo em novas tecnologias, desenvolvendo e qualificando constantemente nossos colaboradores. Comprometer-se, participar e contribuir efetivamente com a assist\u00eancia m\u00e9dica segura aos pacientes na institui\u00e7\u00e3o.<\/p>\n<\/div><div class=\"fusion-clearfix\"><\/div>\n\n\t\t\t\t\t<\/div>\n\t\t\t\t<\/div><\/div><\/div><\/p>\n","protected":false},"excerpt":{"rendered":"","protected":false},"author":1,"featured_media":0,"parent":0,"menu_order":0,"comment_status":"closed","ping_status":"closed","template":"","meta":[],"_links":{"self":[{"href":"http:\/\/hemonucleo.com.br\/index.php\/wp-json\/wp\/v2\/pages\/13358"}],"collection":[{"href":"http:\/\/hemonucleo.com.br\/index.php\/wp-json\/wp\/v2\/pages"}],"about":[{"href":"http:\/\/hemonucleo.com.br\/index.php\/wp-json\/wp\/v2\/types\/page"}],"author":[{"embeddable":true,"href":"http:\/\/hemonucleo.com.br\/index.php\/wp-json\/wp\/v2\/users\/1"}],"replies":[{"embeddable":true,"href":"http:\/\/hemonucleo.com.br\/index.php\/wp-json\/wp\/v2\/comments?post=13358"}],"version-history":[{"count":15,"href":"http:\/\/hemonucleo.com.br\/index.php\/wp-json\/wp\/v2\/pages\/13358\/revisions"}],"predecessor-version":[{"id":13624,"href":"http:\/\/hemonucleo.com.br\/index.php\/wp-json\/wp\/v2\/pages\/13358\/revisions\/13624"}],"wp:attachment":[{"href":"http:\/\/hemonucleo.com.br\/index.php\/wp-json\/wp\/v2\/media?parent=13358"}],"curies":[{"name":"wp","href":"https:\/\/api.w.org\/{rel}","templated":true}]}}